remainder when 657813 is divided by 2925.
2613
Calculate the remainder when 267275 is divided by 2407.
98
What is the remainder when 6682407 is divided by 34?
13
What is the remainder when 10091389 is divided by 2?
1
Calculate the remainder when 3009983 is divided by 366.
365
What is the remainder when 87439983 is divided by 81?
78
Calculate the remainder when 6241855 is divided by 152.
127
Calculate the remainder when 649956 is divided by 18054.
12
What is the remainder when 4281039 is divided by 1066?
1049
Calculate the remainder when 152218 is divided by 26.
14
Calculate the remainder when 2199369 is divided by 137458.
41
What is the remainder when 87948 is divided by 12563?
7
What is the remainder when 901755 is divided by 90175?
5
What is the remainder when 39740 is divided by 11030?
6650
What is the remainder when 4130 is divided by 2966?
1164
What is the remainder when 23807307 is divided by 84?
27
What is the remainder when 1120398 is divided by 140047?
22
Calculate the remainder when 460624 is divided by 153540.
4
Calculate the remainder when 1478557 is divided by 1478485.
72
What is the remainder when 44190698 is divided by 1731?
1730
Calculate the remainder when 24263664 is divided by 395.
394
What is the remainder when 11913216 is divided by 402?
348
What is the remainder when 25492 is divided by 96?
52
What is the remainder when 2989460 is divided by 79?
21
Calculate the remainder when 53231 is divided by 23305.
6621
What is the remainder when 1852 is divided by 1667?
185
Calculate the remainder when 729198 is divided by 5.
3
What is the remainder when 3137816 is divided by 4496?
4104
What is the remainder when 10859714 is divided by 1918?
1916
What is the remainder when 783469 is divided by 264?
181
What is the remainder when 61327 is divided by 892?
671
Calculate the remainder when 145150273 is divided by 916.
913
Calculate the remainder when 20610994 is divided by 448065.
4
Calculate the remainder when 2871416 is divided by 1225.
16
What is the remainder when 295083 is divided by 10172?
95
Calculate the remainder when 60553881 is divided by 35.
31
Calculate the remainder when 82297 is divided by 27393.
118
Calculate the remainder when 17856942 is divided by 4867.
4786
What is the remainder when 210693 is divided by 208?
197
What is the remainder when 24597 is divided by 1182?
957
Calculate the remainder when 14907 is divided by 7253.
401
Calculate the remainder when 19448446 is divided by 778.
2
What is the remainder when 49793 is divided by 984?
593
What is the remainder when 1122021 is divided by 561008?
5
What is the remainder when 240418 is divided by 1612?
230
What is the remainder when 95089 is divided by 257?
256
Calculate the remainder when 22785 is divided by 1661.
1192
What is the remainder when 4412769 is divided by 10?
9
Calculate the remainder when 950565 is divided by 1214.
3
What is the remainder when 39024 is divided by 2384?
880
Calculate the remainder when 370548 is divided by 14.
10
Calculate the remainder when 52699751 is divided by 1116.
1115
Calculate the remainder when 2850180 is divided by 4019.
709
What is the remainder when 196944 is divided by 4687?
90
What is the remainder when 34323366 is divided by 125?
116
What is the remainder when 2500975 is divided by 124?
19
Calculate the remainder when 117925 is divided by 58928.
69
What is the remainder when 17520 is divided by 8413?
694
Calculate the remainder when 108093 is divided by 13504.
61
Calculate the remainder when 44386259 is divided by 1160.
19
What is the remainder when 88726 is divided by 17646?
496
What is the remainder when 725345 is divided by 1821?
587
Calculate the remainder when 15925398 is divided by 8444.
14
Calculate the remainder when 47861 is divided by 3409.
135
What is the remainder when 226382 is divided by 32329?
79
Calculate the remainder when 39871714 is divided by 85.
84
Calculate the remainder when 65512 is divided by 7240.
352
What is the remainder when 46751 is divided by 46378?
373
What is the remainder when 60385336 is divided by 234?
232
What is the remainder when 538539 is divided by 38466?
15
Calculate the remainder when 154338492 is divided by 51446160.
12
What is the remainder when 1487 is divided by 1433?
54
Calculate the remainder when 2782224 is divided by 185.
9
What is the remainder when 3941219 is divided by 358292?
7
Calculate the remainder when 56761898 is divided by 47.
45
Calculate the remainder when 2015949 is divided by 38.
11
What is the remainder when 294259299 is divided by 100?
99
What is the remainder when 371412 is divided by 132?
96
Calculate the remainder when 4765298 is divided by 683.
7
What is the remainder when 384733 is divided by 96176?
29
What is the remainder when 1148618 is divided by 7107?
4391
What is the remainder when 1043757 is divided by 8626?
11
What is the remainder when 265915 is divided by 88?
67
What is the remainder when 271040668 is divided by 5085?
5083
Calculate the remainder when 2202474 is divided by 380.
374
What is the remainder when 56254 is divided by 16?
14
What is the remainder when 2778764 is divided by 926253?
5
Calculate the remainder when 20543511 is divided by 2567938.
7
Calculate the remainder when 403246 is divided by 44804.
10
What is the remainder when 269224 is divided by 265838?
3386
Calculate the remainder when 220866 is divided by 13534.
4322
What is the remainder when 27505 is divided by 1925?
555
What is the remainder when 184630 is divided by 61381?
487
What is the remainder when 119425 is divided by 39775?
100
Calculate the remainder when 10897 is divided by 1362.
1
What is the remainder when 4876367 is divided by 544?
495
Calculate the remainder when 6659799 is divided by 151359.
3
What is the remainder when 28323519 is divided by 913661?
28
Calculate the remainder when 1447352 is divided by 180918.
8
Calculate the remainder when 18471 is divided by 88.
79
What is the remainder when 19362694 is divided by 7871?
34
What is the remainder when 236026 is divided by 5241?
181
Calculate the remainder when 3946532 is divided by 649.
612
What is the remainder when 2391549 is divided by 398576?
93
What is the remainder when 1954404 is divided by 300?
204
What is the remainder when 24422 is divided by 9724?
4974
Calculate the remainder when 175108 is divided by 9140.
1448
What is the remainder when 254618 is divided by 4466?
56
Calculate the remainder when 6541393 is divided by 2074.
2071
What is the remainder when 167675993 is divided by 531?
530
What is the remainder when 7315556 is divided by 465?
176
Calculate the remainder when 16630443 is divided by 742.
739
Calculate the remainder when 31489 is divided by 620.
489
Calculate the remainder when 58660764 is divided by 70.
64
What is the remainder when 109418 is divided by 3213?
176
What is the remainder when 411852 is divided by 22231?
11694
What is the remainder when 1132320 is divided by 87094?
98
What is the remainder when 526239 is divided by 620?
479
Calculate the remainder when 6481 is divided by 3128.
225
What is the remainder when 56943 is divided by 1107?
486
Calculate the remainder when 18824587 is divided by 4706132.
59
What is the remainder when 9263509 is divided by 2776?
2773
Calculate the remainder when 541298 is divided by 640.
498
Calculate the remainder when 6348 is divided by 116.
84
Calculate the remainder when 130781 is divided by 11886.
35
Calculate the remainder when 53904 is divided by 335.
304
Calculate the remainder when 777312 is divided by 14663.
173
What is the remainder when 19802176 is divided by 17728?
0
What is the remainder when 3497250 is divided by 19?
15
What is the remainder when 95373 is divided by 91?
5
Calculate the remainder when 2032018 is divided by 2031958.
60
What is the remainder when 3005579 is divided by 1469?
5
Calculate the remainder when 39766 is divided by 34201.
5565
Calculate the remainder when 3367052 is divided by 7.
3
What is the remainder when 22660868 is divided by 2135?
2113
Calculate the remainder when 446704138 is divided by 3180.
3178
Calculate the remainder when 3692574987 is divided by 10630.
10627
Calculate the remainder when 1072695 is divided by 520.
455
What is the remainder when 20734 is divided by 10005?
724
Calculate the remain